{"id":13281,"date":"2021-12-16T09:08:04","date_gmt":"2021-12-16T07:08:04","guid":{"rendered":"https:\/\/acsglobal.ro\/product\/brat-ll221\/"},"modified":"2021-12-16T09:08:04","modified_gmt":"2021-12-16T07:08:04","slug":"brat-ll221","status":"publish","type":"product","link":"https:\/\/acsglobal.ro\/en\/product\/brat-ll221\/","title":{"rendered":"ARM LL221"},"content":{"rendered":"","protected":false},"excerpt":{"rendered":"<p>Bra\u0163 din lemn stratificat (furnir tehnic la interior, furnir estetic la exterior) cu o band\u0103 cromat\u0103<\/p>","protected":false},"featured_media":13279,"template":"","meta":[],"product_brand":[],"product_cat":[53,72],"product_tag":[],"class_list":{"0":"post-13281","1":"product","2":"type-product","3":"status-publish","4":"has-post-thumbnail","6":"product_cat-brate-canapele","7":"product_cat-brate-lemn","8":"cms-has-post-thumbnail","10":"first","11":"instock","12":"shipping-taxable","13":"purchasable","14":"product-type-simple"},"_links":{"self":[{"href":"https:\/\/acsglobal.ro\/en\/wp-json\/wp\/v2\/product\/13281","targetHints":{"allow":["GET"]}}],"collection":[{"href":"https:\/\/acsglobal.ro\/en\/wp-json\/wp\/v2\/product"}],"about":[{"href":"https:\/\/acsglobal.ro\/en\/wp-json\/wp\/v2\/types\/product"}],"wp:featuredmedia":[{"embeddable":true,"href":"https:\/\/acsglobal.ro\/en\/wp-json\/wp\/v2\/media\/13279"}],"wp:attachment":[{"href":"https:\/\/acsglobal.ro\/en\/wp-json\/wp\/v2\/media?parent=13281"}],"wp:term":[{"taxonomy":"product_brand","embeddable":true,"href":"https:\/\/acsglobal.ro\/en\/wp-json\/wp\/v2\/product_brand?post=13281"},{"taxonomy":"product_cat","embeddable":true,"href":"https:\/\/acsglobal.ro\/en\/wp-json\/wp\/v2\/product_cat?post=13281"},{"taxonomy":"product_tag","embeddable":true,"href":"https:\/\/acsglobal.ro\/en\/wp-json\/wp\/v2\/product_tag?post=13281"}],"curies":[{"name":"wp","href":"https:\/\/api.w.org\/{rel}","templated":true}]}}

<p>Braţ din lemn stratificat (furnir tehnic la interior, furnir estetic la exterior) cu o bandă cromată</p>
