{"id":15233,"date":"2021-12-16T10:02:52","date_gmt":"2021-12-16T08:02:52","guid":{"rendered":"https:\/\/acsglobal.ro\/product\/cant-profil-28mm-fa-crom\/"},"modified":"2021-12-16T10:02:52","modified_gmt":"2021-12-16T08:02:52","slug":"cant-profil-28mm-fa-crom","status":"publish","type":"product","link":"https:\/\/acsglobal.ro\/en\/product\/cant-profil-28mm-fa-crom\/","title":{"rendered":"CANT PROFIL 28MM FA &#8211; CROM"},"content":{"rendered":"","protected":false},"excerpt":{"rendered":"<p>Cant PVC cu inser\u0163ie de 28 mm la\u0163ime, far\u0103 acoperire, de culoare cromat\u0103, folosit la mobilier din PAL melaminat<\/p>","protected":false},"featured_media":15232,"template":"","meta":[],"product_brand":[],"product_cat":[130,69],"product_tag":[],"class_list":{"0":"post-15233","1":"product","2":"type-product","3":"status-publish","4":"has-post-thumbnail","6":"product_cat-canturi","7":"product_cat-mobilier","8":"cms-has-post-thumbnail","10":"first","11":"instock","12":"shipping-taxable","13":"purchasable","14":"product-type-simple"},"_links":{"self":[{"href":"https:\/\/acsglobal.ro\/en\/wp-json\/wp\/v2\/product\/15233","targetHints":{"allow":["GET"]}}],"collection":[{"href":"https:\/\/acsglobal.ro\/en\/wp-json\/wp\/v2\/product"}],"about":[{"href":"https:\/\/acsglobal.ro\/en\/wp-json\/wp\/v2\/types\/product"}],"wp:featuredmedia":[{"embeddable":true,"href":"https:\/\/acsglobal.ro\/en\/wp-json\/wp\/v2\/media\/15232"}],"wp:attachment":[{"href":"https:\/\/acsglobal.ro\/en\/wp-json\/wp\/v2\/media?parent=15233"}],"wp:term":[{"taxonomy":"product_brand","embeddable":true,"href":"https:\/\/acsglobal.ro\/en\/wp-json\/wp\/v2\/product_brand?post=15233"},{"taxonomy":"product_cat","embeddable":true,"href":"https:\/\/acsglobal.ro\/en\/wp-json\/wp\/v2\/product_cat?post=15233"},{"taxonomy":"product_tag","embeddable":true,"href":"https:\/\/acsglobal.ro\/en\/wp-json\/wp\/v2\/product_tag?post=15233"}],"curies":[{"name":"wp","href":"https:\/\/api.w.org\/{rel}","templated":true}]}}

<p>Cant PVC cu inserţie de 28 mm laţime, fară acoperire, de culoare cromată, folosit la mobilier din PAL melaminat</p>
